t p(l) = -3*l**2 + 5*l**2 - l**2 + 4*l. Let g be -1*-14*1 + 2. Suppose -4 = 4*j + g. Determine p(j).
5
Let h = 8 + -3. Let f(r) = 2*r - 4 + r**2 - r - h*r - 1. What is f(6)?
7
Let g(r) = r**2 - 3*r - 3. Let d be g(4). Let y be (3/(-2))/(24/(-32)). Let o(p) = -4*p**y + 9*p**2 + p - 2*p**2. Calculate o(d).
4
Let l(w) be the third derivative of w**4/8 - 4*w**3/3 + 4*w**2. Determine l(6).
10
Let c(b) = -10*b**2 + 6*b + 11. Let m(v) = 2*v**2 - v - 2. Let p(q) = -2*c(q) - 11*m(q). What is p(-2)?
-6
Let t(m) = -4*m**2 - 9*m - 4. Let w(i) = -17*i**2 - 37*i - 16. Let r(z) = -9*t(z) + 2*w(z). Let k(b) = 15*b - 4. Let a be k(0). What is r(a)?
8
Let p(l) = l**2. Let k(t) = -3*t**2 - 6*t + 5. Let y(i) = -k(i) - 2*p(i). Give y(-6).
-5
Let x be (-3 - (0 + -15))/2. Let r(j) = -8*j**3 + 14*j**2 - 14*j. Let h(d) = 7*d**3 - 13*d**2 + 13*d. Let t(b) = x*r(b) + 7*h(b). What is t(6)?
6
Let r be -2 + -6*3/(-6). Let s(v) = 2*v**2 + 1 - 3*v**2 - 2*v**2 - v**2. Determine s(r).
-3
Let t(j) = -17*j + 1. Let d = -24 + 25. Give t(d).
-16
Let j(n) be the third derivative of -n**4/24 + n**3/2 + 2*n**2. Let t(r) = -5 + 2*r**3 + 2 + 2 + r. Let s be t(1). Determine j(s).
1
Suppose -4*p = -2*p + 12. Let t(d) be the second derivative of -d**5/20 - 5*d**4/12 + 7*d**3/6 - d**2 - d. Calculate t(p).
-8
Let d(j) be the first derivative of -4*j**2 + 15. Calculate d(2).
-16
Let g(d) = 3 + 2 + 2*d - 2 - 5. Give g(-2).
-6
Let v(j) = -j**3 - 7*j**2 - j - 8. Let n(a) = 2*a**2 + 10*a. Let w be n(-5). Suppose 7 = -t - w. What is v(t)?
-1
Let x be (-2 + 5 + -2)*-5. Let g = -3 - x. Let n(k) = -k**3 - k - 9*k**2 + 8*k**2 + 5*k**2 + 0*k. Determine n(g).
6
Let q(h) = -h**2 - h + 1. Let g be 1/1 + (2 - 1). Let z be (3/g)/(9/12). Suppose z*l = l. Determine q(l).
1
Let q = -1 - -2. Let h(p) = -p**2 + 4*p - 2. Let c be h(3). Let y(v) = 1 + 4*v**2 - c - 1 + 0. What is y(q)?
3
Let f(w) = -w + 2. Suppose -r = z + 1, -2*r + 8 = z - 4*r. Let o = -4 + z. Let q be o/4 - 15/6. What is f(q)?
5
Let f(i) = 14*i + 4. Let p(z) = 2*z - 1. Let h(c) = f(c) - 6*p(c). Calculate h(-8).
-6
Let v(m) = -8*m + 1. Suppose -21*n - 2 = -22*n. Give v(n).
-15
Let i(k) = k**3 + k**2 - k - 12. Let b(g) = -g**2 - 11*g + 12. Let l be b(-12). Calculate i(l).
-12
Let q(d) be the third derivative of -d**4/24 - d**3/2 + 7*d**2. Determine q(-6).
3
Let o(v) = v**2 + 5*v - 4. Let b be o(-6). Let p be 1 + 1 - 0/6. Let c(i) = -3*i**2 + i**2 - 3*i - 3*i**2 + 7*i**2 + p. Calculate c(b).
4
Let f be 5/(-25) - 41/(-5). Let v(g) = -2*g + 4. Determine v(f).
-12
Let b(l) = l**3 + 6*l**2 - 10*l - 3. Let v(u) = -u**2 - 9*u + 15. Let k be v(-11). Give b(k).
18
Let y(s) = -s - 12. Let t(a) = 1. Let g be ((-1)/2)/(1/2). Let f = -5 - 0. Let x(w) = f*t(w) + g*y(w). What is x(-5)?
2
Let i(k) = -2*k + 11. Let j be i(8). Let m(l) be the first derivative of -11*l - 1/2*l**2 + 1. Calculate m(j).
-6
Let z be 5 - (1 + (-1 - -2)). Let m be (z*-4)/(-4) - 6. Let d(p) = -p**2 + p + 3. What is d(m)?
-9
Suppose -10 = -4*o - 3*b - 7, 2*o = 2*b + 12. Let l(i) = -2 - 2*i + 5 - 1. Determine l(o).
-4
Let p(m) = 5*m**3 - 3*m**2 - 2*m - 1. Let t(o) = o**3 + o**2. Let q(r) = p(r) + 3*t(r). Suppose -5*h = -0 + 5. Give q(h).
-7
Let x(n) = 2*n**2 - 1 + n - 5*n**2 + 5*n**2 - 2*n**3. Let k(s) = s**3 + 9*s**2 + 15*s - 2. Let o be k(-7). Let t = o + 11. Determine x(t).
-7
Suppose -2 + 4 = u. Let h(m) = m + 3*m + 6 - 4*m**u + 3*m**2. Suppose 5*q - 37 = -4*w, 0*q = -2*q - 5*w + 25. Calculate h(q).
1
Suppose -8 = -4*k + 12. Suppose 4*z - k*z = 1. Let v(q) = 11*q - 2. Let j(p) = 7*p - 1. Let s(l) = -8*j(l) + 5*v(l). Calculate s(z).
-1
Suppose 0 = -4*m + 6 + 14. Let o(w) = -4*w**2 - 2*w + 2 + 0 - 2*w - 1 + w**3. Determine o(m).
6
Let n(z) = 2*z - 1. Let c(r) = 2*r**2 + 2*r - 1. Let g be c(2). Let w = g + -8. Give n(w).
5
Let c(a) = -63 + 61 + a**3 + 3*a**2 - 2*a**3. What is c(3)?
-2
Let h(i) = -i**2 - i. Suppose 0 = 4*u - o + 6, -2*u - 3 + 1 = -o. What is h(u)?
-2
Let v(f) = f**2 - f. Let a(b) = b**3 - 2*b + 1. Let s(y) = a(y) - 2*v(y). Give s(2).
1
Let w(f) = -f**2 - 4*f - 1. Suppose 8*y - 8 = 6*y. Suppose 14 + 6 = -5*t, 4*v = -y*t - 36. Calculate w(v).
-6
Let i(l) = 13*l**3 + 2*l**2 + l. Suppose 5*r + 4 = -1. Determine i(r).
-12
Suppose 0 = 2*b - 0*b - 2. Let l = 12 - b. Let n = l - 15. Let w(p) = p + 9. Calculate w(n).
5
Let n(q) = q**3 + 7*q**2 + 4*q - 14. Let x be n(-6). Let y(j) = 4*j + 3. Determine y(x).
-5
Suppose -8*f = -3*f - 10. Suppose -4*b + 3*c + 27 - 8 = 0, f*c - 10 = -3*b. Let z(s) = 1 + 8*s**2 - 9*s**2 + b*s + 0*s - s. What is z(4)?
-3
Let u(g) = 2*g**2 - g + 2 + 1 - 9 - 5*g. Give u(5).
14
Let a(i) = -i**3 - 3*i**2 + i + 1. Let t = 16 - 19. Let c(y) be the second derivative of y**3/6 - y. Let n be c(t). Determine a(n).
-2
Let k(w) be the third derivative of w**4/24 + w**3/3 - 36*w**2. Determine k(-4).
-2
Let x be ((-8)/10)/(10/(-25)). Let v(h) = 3*h + x + 0 - 9*h. Let s = 8 + -6. Determine v(s).
-10
Suppose -2*p = 3*p + 2*j - 10, -5*j = -2*p + 4. Let l be (4/8)/(p/8). Let k(v) = -1 + 6*v - v - 3*v. Determine k(l).
3
Let f = -9 - -1. Let m = -6 - f. Let z be 0/(-2) - 6/m. Let x(v) = -v - 2. What is x(z)?
1
Let u(x) = 2*x**2 - x**3 + 2 - 3 + 5*x - 6*x. Suppose -b + 0 = -2. Give u(b).
-3
Let z(d) = -6*d**3 - 10*d**2 + 4*d. Let g(y) = -y**3 - 2*y**2 + y. Let w(n) = 11*g(n) - 2*z(n). Give w(2).
6
Let m be (15/(-6))/((-1)/(-2)). Let b = -2 - m. Let v(l) = -2*l - 2 + 0 + l - l**b - l**2. Give v(0).
-2
Let n = 6 - 3. Suppose -4*b + b - 25 = -4*j, -4*b + 2*j = 20. Let o(i) = 2*i - 9. Let z(c) = c - 4. Let h(m) = b*o(m) + 5*z(m). What is h(n)?
4
Let q = 3 - 2. Let l(k) = 5*k - q - k - k**2 - 3*k. Let g(j) = 5*j**2 - 4*j + 3. Let f(h) = g(h) + 2*l(h). What is f(2)?
9
Let h(d) = 9*d**3 - 4*d**2 + d + 4*d**2 + 2*d**2 + 15*d**3. What is h(-1)?
-23
Let z(i) = 28*i**3 - 9*i**2 + 4. Let j(g) = 7*g**3 - 2*g**2 + 1. Let b(d) = 9*j(d) - 2*z(d). Let a = 24 + -25. Determine b(a).
-6
Let c(l) = -7*l - l**3 - 4*l - 5*l**2 - 1 + 8*l + 0. Determine c(-4).
-5
Let t(z) = 7*z**2 - 8*z**2 + 1 + 3 - 5*z. Let i(m) = -m**2 - 4*m + 3. Let k(d) = -5*i(d) + 4*t(d). What is k(2)?
5
Let b be 481/39 - (-4)/6. Suppose -6*c = -3*c - 2*d + 22, 0 = -2*c + d - b. Let m(u) = -u**2 - 5*u + 1. Determine m(c).
5
Let h(c) = -c**3 - 4*c**2 + 6*c. Let d be 21/9 - 1/3. Suppose -d - 2 = -2*g. Suppose -n + 4*f = -11, -1 - 5 = g*n - f. Calculate h(n).
-5
Let h(k) = 4*k - 23 + k + 19. Let t(m) = m. Let r be t(3). Give h(r).
11
Let w(l) be the third derivative of -2*l**2 + 0 + 0*l - 7/24*l**4 + 1/6*l**3 + 1/20*l**5. Let j(i) = -4*i**2 + 7*i. Let c(q) = 2*j(q) + 3*w(q). What is c(5)?
-7
Let v(y) be the third derivative of y**5/60 - 7*y**4/24 - 2*y**3 + 10*y**2. Determine v(9).
6
Let b(v) = -8*v**3 + v**2 - 1. Let d(j) = -j**3 - j - 1. Let m(u) = b(u) - 2*d(u). Calculate m(-1).
6
Let o(x) = -3*x + 44. Let g be o(14). Let z(b) be the first derivative of b**2 - 2*b + 1. What is z(g)?
2
Let x(f) be the second derivative of -2*f**3 + 7*f**2 + f. Let g(r) = -2*r - 3. Let a be g(-2). Let u(y) = y - 1. Let o(h) = a*x(h) + 10*u(h). Determine o(5).
-6
Let b = 43 - 67. Let j be 4/10 + b/10. Let q(y) = 2*y + 1. Determine q(j).
-3
Let h(t) be the first derivative of 1/4*t**4 + 4/3*t**3 + 2*t**2 + 7 + t. What is h(-3)?
-2
Let w(k) = -k**2 - k + 10. Suppose 0 = 3*i - 0*i. Suppose i*z - z = 0. Calculate w(z).
10
Let s be (0 - -2)/((-5)/(-15)). Let p(x) = 4*x + 6 + s*x + x**2 - 3*x. Let n be (-4)/10 + 46/(-10). Give p(n).
-4
Let p(a) = -a**3 - a**2 - 6. Let n(u) = -2*u**3 + u**2 + u + 1. Let f be n(-1). Suppose 0 = -0*q + q + 4*k - 20, -f*q = -4*k + 20. What is p(q)?
-6
Let s(h) = -9*h**3 + 2*h + 5. Let z(t) = 8*t**3 - 2*t - 4. Let d(r) = 3*s(r) + 4*z(r). Determine d(-1).
-4
Let l(f) be the third derivative of -f**5/120 - f**4/2 + f**3/3 - 3*f**2. Let u(j) be the first derivative of l(j). What is u(0)?
-12
Let m be 2 + ((-3)/(-1))/1. Suppose -m*d + 18 = 3. Suppose b + d - 2 = 0. Let u(t) = -4*t**3 + t**2. What is u(b)?
5
Let a = -22 - -22. Let o(m) = m**3 - m**2 + m - 5. Determine o(a).
-5
Let l(d) be the second derivative of d**4/12 + d**3 - d. Let y be (1/(-2) + 3)*-2. Calculate l(y).
-5
Let d(r) be the third derivative of -r**7/2520 - r**6/240 + r**5/60 - r**4/4 - r**2. Let c(z) be the second derivative of d(z). Give c(-5).
-8
Suppose -2